{"id":21,"date":"2020-08-18T14:23:49","date_gmt":"2020-08-18T13:23:49","guid":{"rendered":"https:\/\/new.farmorgretas.se\/?page_id=21"},"modified":"2020-09-28T19:42:31","modified_gmt":"2020-09-28T18:42:31","slug":"sortiment","status":"publish","type":"page","link":"https:\/\/www.farmorgretas.se\/?page_id=21","title":{"rendered":"Sortiment"},"content":{"rendered":"\t\t<div data-elementor-type=\"wp-page\" data-elementor-id=\"21\" class=\"elementor elementor-21\">\n\t\t\t\t\t\t\t\t\t<section class=\"elementor-section elementor-top-section elementor-element elementor-element-77c54a7 elementor-section-stretched elementor-section-height-min-height elementor-section-boxed elementor-section-height-default elementor-section-items-middle\" data-id=\"77c54a7\" data-element_type=\"section\" data-settings=\"{&quot;stretch_section&quot;:&quot;section-stretched&quot;,&quot;background_background&quot;:&quot;classic&quot;}\">\n\t\t\t\t\t\t<div class=\"elementor-container elementor-column-gap-default\">\n\t\t\t\t\t<div class=\"elementor-column elementor-col-100 elementor-top-column elementor-element elementor-element-c0e85c8\" data-id=\"c0e85c8\" data-element_type=\"column\">\n\t\t\t<div class=\"elementor-widget-wrap elementor-element-populated\">\n\t\t\t\t\t\t\t\t<div class=\"elementor-element elementor-element-cb0eab4 animated-slow elementor-invisible elementor-widget elementor-widget-heading\" data-id=\"cb0eab4\" data-element_type=\"widget\" data-settings=\"{&quot;_animation&quot;:&quot;fadeInLeft&quot;}\" data-widget_type=\"heading.default\">\n\t\t\t\t<div class=\"elementor-widget-container\">\n\t\t\t<h2 class=\"elementor-heading-title elementor-size-xl\">SORTIMENT<\/h2>\t\t<\/div>\n\t\t\t\t<\/div>\n\t\t\t\t<div class=\"elementor-element elementor-element-ab24fa2 animated-slow elementor-widget-divider--view-line elementor-invisible elementor-widget elementor-widget-divider\" data-id=\"ab24fa2\" data-element_type=\"widget\" data-settings=\"{&quot;_animation&quot;:&quot;fadeInRight&quot;}\" data-widget_type=\"divider.default\">\n\t\t\t\t<div class=\"elementor-widget-container\">\n\t\t\t\t\t<div class=\"elementor-divider\">\n\t\t\t<span class=\"elementor-divider-separator\">\n\t\t\t\t\t\t<\/span>\n\t\t<\/div>\n\t\t\t\t<\/div>\n\t\t\t\t<\/div>\n\t\t\t\t\t<\/div>\n\t\t<\/div>\n\t\t\t\t\t\t\t<\/div>\n\t\t<\/section>\n\t\t\t\t<section class=\"elementor-section elementor-top-section elementor-element elementor-element-1e49d59 elementor-section-stretched elementor-section-boxed elementor-section-height-default elementor-section-height-default\" data-id=\"1e49d59\" data-element_type=\"section\" data-settings=\"{&quot;stretch_section&quot;:&quot;section-stretched&quot;,&quot;background_background&quot;:&quot;classic&quot;}\">\n\t\t\t\t\t\t\t<div class=\"elementor-background-overlay\"><\/div>\n\t\t\t\t\t\t\t<div class=\"elementor-container elementor-column-gap-default\">\n\t\t\t\t\t<div class=\"elementor-column elementor-col-33 elementor-top-column elementor-element elementor-element-86459ce\" data-id=\"86459ce\" data-element_type=\"column\">\n\t\t\t<div class=\"elementor-widget-wrap elementor-element-populated\">\n\t\t\t\t\t\t\t\t<div class=\"elementor-element elementor-element-cfc2d75 animated-slow elementor-invisible elementor-widget elementor-widget-image\" data-id=\"cfc2d75\" data-element_type=\"widget\" data-settings=\"{&quot;_animation&quot;:&quot;fadeInUp&quot;,&quot;_animation_delay&quot;:100}\" data-widget_type=\"image.default\">\n\t\t\t\t<div class=\"elementor-widget-container\">\n\t\t\t\t\t\t\t\t\t\t\t\t\t\t\t\t<a href=\"https:\/\/new.farmorgretas.se\/wp-content\/uploads\/2020\/08\/69433_107550555978164_6347736_n.jpg\" data-elementor-open-lightbox=\"yes\" data-elementor-lightbox-title=\"Pain Riche\" data-e-action-hash=\"#elementor-action%3Aaction%3Dlightbox%26settings%3DeyJpZCI6MTgwLCJ1cmwiOiJodHRwczpcL1wvd3d3LmZhcm1vcmdyZXRhcy5zZVwvd3AtY29udGVudFwvdXBsb2Fkc1wvMjAyMFwvMDhcLzY5NDMzXzEwNzU1MDU1NTk3ODE2NF82MzQ3NzM2X24uanBnIn0%3D\">\n\t\t\t\t\t\t\t<img width=\"720\" height=\"540\" src=\"https:\/\/www.farmorgretas.se\/wp-content\/uploads\/2020\/08\/69433_107550555978164_6347736_n.jpg\" class=\"attachment-large size-large wp-image-180\" alt=\"\" loading=\"lazy\" srcset=\"https:\/\/www.farmorgretas.se\/wp-content\/uploads\/2020\/08\/69433_107550555978164_6347736_n.jpg 720w, https:\/\/www.farmorgretas.se\/wp-content\/uploads\/2020\/08\/69433_107550555978164_6347736_n-300x225.jpg 300w\" sizes=\"(max-width: 720px) 100vw, 720px\" \/>\t\t\t\t\t\t\t\t<\/a>\n\t\t\t\t\t\t\t\t\t\t\t\t\t\t\t<\/div>\n\t\t\t\t<\/div>\n\t\t\t\t<div class=\"elementor-element elementor-element-fc38c4a animated-slow elementor-invisible elementor-widget elementor-widget-image-box\" data-id=\"fc38c4a\" data-element_type=\"widget\" data-settings=\"{&quot;_animation&quot;:&quot;fadeInUp&quot;}\" data-widget_type=\"image-box.default\">\n\t\t\t\t<div class=\"elementor-widget-container\">\n\t\t\t<div class=\"elementor-image-box-wrapper\"><div class=\"elementor-image-box-content\"><h3 class=\"elementor-image-box-title\">Br\u00f6d & Kaffebr\u00f6d<\/h3><p class=\"elementor-image-box-description\">Surdegsbr\u00f6d, tekakor, dr\u00e4ngalimpan, kanelbulle, farmorbulle, kladdkaka och morotskaka \u00e4r bara en del av det som bakas p\u00e5 Farmor Gretas Bageri och Konditori.\n<\/p><\/div><\/div>\t\t<\/div>\n\t\t\t\t<\/div>\n\t\t\t\t<div class=\"elementor-element elementor-element-9d3bb0e elementor-align-center elementor-widget elementor-widget-button\" data-id=\"9d3bb0e\" data-element_type=\"widget\" data-widget_type=\"button.default\">\n\t\t\t\t<div class=\"elementor-widget-container\">\n\t\t\t\t\t<div class=\"elementor-button-wrapper\">\n\t\t\t<a class=\"elementor-button elementor-button-link elementor-size-md elementor-animation-grow\" href=\"https:\/\/new.farmorgretas.se\/?page_id=131\">\n\t\t\t\t\t\t<span class=\"elementor-button-content-wrapper\">\n\t\t\t\t\t\t<span class=\"elementor-button-text\">L\u00e4s mer<\/span>\n\t\t<\/span>\n\t\t\t\t\t<\/a>\n\t\t<\/div>\n\t\t\t\t<\/div>\n\t\t\t\t<\/div>\n\t\t\t\t<div class=\"elementor-element elementor-element-678d3eb elementor-widget-divider--view-line elementor-widget elementor-widget-divider\" data-id=\"678d3eb\" data-element_type=\"widget\" data-widget_type=\"divider.default\">\n\t\t\t\t<div class=\"elementor-widget-container\">\n\t\t\t\t\t<div class=\"elementor-divider\">\n\t\t\t<span class=\"elementor-divider-separator\">\n\t\t\t\t\t\t<\/span>\n\t\t<\/div>\n\t\t\t\t<\/div>\n\t\t\t\t<\/div>\n\t\t\t\t<div class=\"elementor-element elementor-element-e3ae57a elementor-widget elementor-widget-spacer\" data-id=\"e3ae57a\" data-element_type=\"widget\" data-widget_type=\"spacer.default\">\n\t\t\t\t<div class=\"elementor-widget-container\">\n\t\t\t\t\t<div class=\"elementor-spacer\">\n\t\t\t<div class=\"elementor-spacer-inner\"><\/div>\n\t\t<\/div>\n\t\t\t\t<\/div>\n\t\t\t\t<\/div>\n\t\t\t\t\t<\/div>\n\t\t<\/div>\n\t\t\t\t<div class=\"elementor-column elementor-col-33 elementor-top-column elementor-element elementor-element-4d378ba\" data-id=\"4d378ba\" data-element_type=\"column\">\n\t\t\t<div class=\"elementor-widget-wrap elementor-element-populated\">\n\t\t\t\t\t\t\t\t<div class=\"elementor-element elementor-element-758128e animated-slow elementor-invisible elementor-widget elementor-widget-image\" data-id=\"758128e\" data-element_type=\"widget\" data-settings=\"{&quot;_animation&quot;:&quot;fadeInUp&quot;}\" data-widget_type=\"image.default\">\n\t\t\t\t<div class=\"elementor-widget-container\">\n\t\t\t\t\t\t\t\t\t\t\t\t\t\t\t\t<a href=\"https:\/\/new.farmorgretas.se\/wp-content\/uploads\/2020\/08\/118518484_2716633921927480_3038697858485295923_n.jpg\" data-elementor-open-lightbox=\"yes\" data-elementor-lightbox-title=\"T\u00e5rtor\" data-e-action-hash=\"#elementor-action%3Aaction%3Dlightbox%26settings%3DeyJpZCI6MTgyLCJ1cmwiOiJodHRwczpcL1wvd3d3LmZhcm1vcmdyZXRhcy5zZVwvd3AtY29udGVudFwvdXBsb2Fkc1wvMjAyMFwvMDhcLzExODUxODQ4NF8yNzE2NjMzOTIxOTI3NDgwXzMwMzg2OTc4NTg0ODUyOTU5MjNfbi1lMTU5OTE1OTA1NzIxMi5qcGcifQ%3D%3D\">\n\t\t\t\t\t\t\t<img width=\"768\" height=\"876\" src=\"https:\/\/www.farmorgretas.se\/wp-content\/uploads\/2020\/08\/118518484_2716633921927480_3038697858485295923_n-e1599159057212-768x876.jpg\" class=\"attachment-medium_large size-medium_large wp-image-182\" alt=\"\" loading=\"lazy\" srcset=\"https:\/\/www.farmorgretas.se\/wp-content\/uploads\/2020\/08\/118518484_2716633921927480_3038697858485295923_n-e1599159057212-768x876.jpg 768w, https:\/\/www.farmorgretas.se\/wp-content\/uploads\/2020\/08\/118518484_2716633921927480_3038697858485295923_n-e1599159057212-263x300.jpg 263w, https:\/\/www.farmorgretas.se\/wp-content\/uploads\/2020\/08\/118518484_2716633921927480_3038697858485295923_n-e1599159057212-898x1024.jpg 898w, https:\/\/www.farmorgretas.se\/wp-content\/uploads\/2020\/08\/118518484_2716633921927480_3038697858485295923_n-e1599159057212.jpg 1073w\" sizes=\"(max-width: 768px) 100vw, 768px\" \/>\t\t\t\t\t\t\t\t<\/a>\n\t\t\t\t\t\t\t\t\t\t\t\t\t\t\t<\/div>\n\t\t\t\t<\/div>\n\t\t\t\t<div class=\"elementor-element elementor-element-2cc8a21 animated-slow elementor-invisible elementor-widget elementor-widget-image-box\" data-id=\"2cc8a21\" data-element_type=\"widget\" data-settings=\"{&quot;_animation&quot;:&quot;fadeInUp&quot;}\" data-widget_type=\"image-box.default\">\n\t\t\t\t<div class=\"elementor-widget-container\">\n\t\t\t<div class=\"elementor-image-box-wrapper\"><div class=\"elementor-image-box-content\"><h3 class=\"elementor-image-box-title\">T\u00e5rtor & Bakelser<\/h3><p class=\"elementor-image-box-description\">Vi har ett varierat utbud av t\u00e5rtor i m\u00e5nga olika utf\u00f6randen och efter kundens \u00f6nskem\u00e5l. Klassiker som Prinsesst\u00e5rtor och Budapestl\u00e4ngd. \u00c4ven Br\u00f6llopst\u00e5rtor, Dopt\u00e5rtor, Studentt\u00e5rtor och mycket mer. Olika klassiska bakelser som Napoleon och Budapestbakelse.<\/p><\/div><\/div>\t\t<\/div>\n\t\t\t\t<\/div>\n\t\t\t\t<div class=\"elementor-element elementor-element-70e60d2 elementor-align-center elementor-widget elementor-widget-button\" data-id=\"70e60d2\" data-element_type=\"widget\" data-widget_type=\"button.default\">\n\t\t\t\t<div class=\"elementor-widget-container\">\n\t\t\t\t\t<div class=\"elementor-button-wrapper\">\n\t\t\t<a class=\"elementor-button elementor-button-link elementor-size-md elementor-animation-grow\" href=\"https:\/\/new.farmorgretas.se\/?page_id=134\">\n\t\t\t\t\t\t<span class=\"elementor-button-content-wrapper\">\n\t\t\t\t\t\t<span class=\"elementor-button-text\">L\u00e4s mer<\/span>\n\t\t<\/span>\n\t\t\t\t\t<\/a>\n\t\t<\/div>\n\t\t\t\t<\/div>\n\t\t\t\t<\/div>\n\t\t\t\t<div class=\"elementor-element elementor-element-8d977dd elementor-widget-divider--view-line elementor-widget elementor-widget-divider\" data-id=\"8d977dd\" data-element_type=\"widget\" data-widget_type=\"divider.default\">\n\t\t\t\t<div class=\"elementor-widget-container\">\n\t\t\t\t\t<div class=\"elementor-divider\">\n\t\t\t<span class=\"elementor-divider-separator\">\n\t\t\t\t\t\t<\/span>\n\t\t<\/div>\n\t\t\t\t<\/div>\n\t\t\t\t<\/div>\n\t\t\t\t\t<\/div>\n\t\t<\/div>\n\t\t\t\t<div class=\"elementor-column elementor-col-33 elementor-top-column elementor-element elementor-element-fd18586\" data-id=\"fd18586\" data-element_type=\"column\">\n\t\t\t<div class=\"elementor-widget-wrap elementor-element-populated\">\n\t\t\t\t\t\t\t\t<div class=\"elementor-element elementor-element-b9cda80 animated-slow elementor-invisible elementor-widget elementor-widget-image\" data-id=\"b9cda80\" data-element_type=\"widget\" data-settings=\"{&quot;_animation&quot;:&quot;fadeInUp&quot;}\" data-widget_type=\"image.default\">\n\t\t\t\t<div class=\"elementor-widget-container\">\n\t\t\t\t\t\t\t\t\t\t\t\t\t\t\t\t<a href=\"https:\/\/new.farmorgretas.se\/wp-content\/uploads\/2020\/08\/170299_129856837080869_5731508_o.jpg\" data-elementor-open-lightbox=\"yes\" data-elementor-lightbox-title=\"R\u00e4k &amp; skinksm\u00f6rg\u00e5st\u00e5rta\" data-e-action-hash=\"#elementor-action%3Aaction%3Dlightbox%26settings%3DeyJpZCI6MTgzLCJ1cmwiOiJodHRwczpcL1wvd3d3LmZhcm1vcmdyZXRhcy5zZVwvd3AtY29udGVudFwvdXBsb2Fkc1wvMjAyMFwvMDhcLzE3MDI5OV8xMjk4NTY4MzcwODA4NjlfNTczMTUwOF9vLmpwZyJ9\">\n\t\t\t\t\t\t\t<img width=\"1024\" height=\"768\" src=\"https:\/\/www.farmorgretas.se\/wp-content\/uploads\/2020\/08\/170299_129856837080869_5731508_o-1024x768.jpg\" class=\"attachment-large size-large wp-image-183\" alt=\"\" loading=\"lazy\" srcset=\"https:\/\/www.farmorgretas.se\/wp-content\/uploads\/2020\/08\/170299_129856837080869_5731508_o-1024x768.jpg 1024w, https:\/\/www.farmorgretas.se\/wp-content\/uploads\/2020\/08\/170299_129856837080869_5731508_o-300x225.jpg 300w, https:\/\/www.farmorgretas.se\/wp-content\/uploads\/2020\/08\/170299_129856837080869_5731508_o-768x576.jpg 768w, https:\/\/www.farmorgretas.se\/wp-content\/uploads\/2020\/08\/170299_129856837080869_5731508_o-1536x1152.jpg 1536w, https:\/\/www.farmorgretas.se\/wp-content\/uploads\/2020\/08\/170299_129856837080869_5731508_o.jpg 2048w\" sizes=\"(max-width: 1024px) 100vw, 1024px\" \/>\t\t\t\t\t\t\t\t<\/a>\n\t\t\t\t\t\t\t\t\t\t\t\t\t\t\t<\/div>\n\t\t\t\t<\/div>\n\t\t\t\t<div class=\"elementor-element elementor-element-7766eb4 animated-slow elementor-invisible elementor-widget elementor-widget-image-box\" data-id=\"7766eb4\" data-element_type=\"widget\" data-settings=\"{&quot;_animation&quot;:&quot;fadeInUp&quot;}\" data-widget_type=\"image-box.default\">\n\t\t\t\t<div class=\"elementor-widget-container\">\n\t\t\t<div class=\"elementor-image-box-wrapper\"><div class=\"elementor-image-box-content\"><h3 class=\"elementor-image-box-title\">Sm\u00f6rg\u00e5st\u00e5rtor<\/h3><p class=\"elementor-image-box-description\">H\u00e4r p\u00e5 Farmor Gretas g\u00f6rs det fyra stycken olika Sm\u00f6rg\u00e5st\u00e5rtor. R\u00e4ksm\u00f6rg\u00e5st\u00e5rta, Skinksm\u00f6rg\u00e5st\u00e5rta, R\u00e4k & Skinksm\u00f6rg\u00e5st\u00e5rta och Lyxsm\u00f6rg\u00e5st\u00e5rta.\n\n<\/p><\/div><\/div>\t\t<\/div>\n\t\t\t\t<\/div>\n\t\t\t\t<div class=\"elementor-element elementor-element-a81b323 elementor-widget elementor-widget-spacer\" data-id=\"a81b323\" data-element_type=\"widget\" data-widget_type=\"spacer.default\">\n\t\t\t\t<div class=\"elementor-widget-container\">\n\t\t\t\t\t<div class=\"elementor-spacer\">\n\t\t\t<div class=\"elementor-spacer-inner\"><\/div>\n\t\t<\/div>\n\t\t\t\t<\/div>\n\t\t\t\t<\/div>\n\t\t\t\t<div class=\"elementor-element elementor-element-e90fb8a elementor-align-center elementor-widget elementor-widget-button\" data-id=\"e90fb8a\" data-element_type=\"widget\" data-widget_type=\"button.default\">\n\t\t\t\t<div class=\"elementor-widget-container\">\n\t\t\t\t\t<div class=\"elementor-button-wrapper\">\n\t\t\t<a class=\"elementor-button elementor-button-link elementor-size-md elementor-animation-grow\" href=\"https:\/\/new.farmorgretas.se\/?page_id=136\">\n\t\t\t\t\t\t<span class=\"elementor-button-content-wrapper\">\n\t\t\t\t\t\t<span class=\"elementor-button-text\">L\u00e4s mer<\/span>\n\t\t<\/span>\n\t\t\t\t\t<\/a>\n\t\t<\/div>\n\t\t\t\t<\/div>\n\t\t\t\t<\/div>\n\t\t\t\t<div class=\"elementor-element elementor-element-231d4bc elementor-widget-divider--view-line elementor-widget elementor-widget-divider\" data-id=\"231d4bc\" data-element_type=\"widget\" data-widget_type=\"divider.default\">\n\t\t\t\t<div class=\"elementor-widget-container\">\n\t\t\t\t\t<div class=\"elementor-divider\">\n\t\t\t<span class=\"elementor-divider-separator\">\n\t\t\t\t\t\t<\/span>\n\t\t<\/div>\n\t\t\t\t<\/div>\n\t\t\t\t<\/div>\n\t\t\t\t\t<\/div>\n\t\t<\/div>\n\t\t\t\t\t\t\t<\/div>\n\t\t<\/section>\n\t\t\t\t<section class=\"elementor-section elementor-top-section elementor-element elementor-element-cb7e56c elementor-section-stretched elementor-section-boxed elementor-section-height-default elementor-section-height-default\" data-id=\"cb7e56c\" data-element_type=\"section\" data-settings=\"{&quot;stretch_section&quot;:&quot;section-stretched&quot;,&quot;background_background&quot;:&quot;classic&quot;}\">\n\t\t\t\t\t\t<div class=\"elementor-container elementor-column-gap-default\">\n\t\t\t\t\t<div class=\"elementor-column elementor-col-50 elementor-top-column elementor-element elementor-element-8fe309d\" data-id=\"8fe309d\" data-element_type=\"column\">\n\t\t\t<div class=\"elementor-widget-wrap elementor-element-populated\">\n\t\t\t\t\t\t\t\t<div class=\"elementor-element elementor-element-f8084a3 elementor-view-framed elementor-shape-circle elementor-widget elementor-widget-icon\" data-id=\"f8084a3\" data-element_type=\"widget\" data-widget_type=\"icon.default\">\n\t\t\t\t<div class=\"elementor-widget-container\">\n\t\t\t\t\t<div class=\"elementor-icon-wrapper\">\n\t\t\t<a class=\"elementor-icon elementor-animation-pulse-shrink\" href=\"https:\/\/www.instagram.com\/farmorgretasbrodbutik\/\">\n\t\t\t<i aria-hidden=\"true\" class=\"fab fa-instagram\"><\/i>\t\t\t<\/a>\n\t\t<\/div>\n\t\t\t\t<\/div>\n\t\t\t\t<\/div>\n\t\t\t\t\t<\/div>\n\t\t<\/div>\n\t\t\t\t<div class=\"elementor-column elementor-col-50 elementor-top-column elementor-element elementor-element-6a0bbe5\" data-id=\"6a0bbe5\" data-element_type=\"column\">\n\t\t\t<div class=\"elementor-widget-wrap elementor-element-populated\">\n\t\t\t\t\t\t\t\t<div class=\"elementor-element elementor-element-b518e19 elementor-view-framed elementor-shape-circle elementor-widget elementor-widget-icon\" data-id=\"b518e19\" data-element_type=\"widget\" data-widget_type=\"icon.default\">\n\t\t\t\t<div class=\"elementor-widget-container\">\n\t\t\t\t\t<div class=\"elementor-icon-wrapper\">\n\t\t\t<a class=\"elementor-icon elementor-animation-pulse-shrink\" href=\"https:\/\/sv-se.facebook.com\/pages\/category\/Bakery\/Farmor-Gretas-Bageri-och-Konditori-106715149395038\/\">\n\t\t\t<i aria-hidden=\"true\" class=\"fab fa-facebook-square\"><\/i>\t\t\t<\/a>\n\t\t<\/div>\n\t\t\t\t<\/div>\n\t\t\t\t<\/div>\n\t\t\t\t\t<\/div>\n\t\t<\/div>\n\t\t\t\t\t\t\t<\/div>\n\t\t<\/section>\n\t\t\t\t<section class=\"elementor-section elementor-top-section elementor-element elementor-element-23752fc elementor-section-stretched elementor-section-boxed elementor-section-height-default elementor-section-height-default\" data-id=\"23752fc\" data-element_type=\"section\" data-settings=\"{&quot;stretch_section&quot;:&quot;section-stretched&quot;,&quot;background_background&quot;:&quot;classic&quot;}\">\n\t\t\t\t\t\t<div class=\"elementor-container elementor-column-gap-default\">\n\t\t\t\t\t<div class=\"elementor-column elementor-col-100 elementor-top-column elementor-element elementor-element-0cce9e5\" data-id=\"0cce9e5\" data-element_type=\"column\">\n\t\t\t<div class=\"elementor-widget-wrap elementor-element-populated\">\n\t\t\t\t\t\t\t\t<div class=\"elementor-element elementor-element-c43f802 elementor-widget-divider--view-line elementor-widget elementor-widget-divider\" data-id=\"c43f802\" data-element_type=\"widget\" data-widget_type=\"divider.default\">\n\t\t\t\t<div class=\"elementor-widget-container\">\n\t\t\t\t\t<div class=\"elementor-divider\">\n\t\t\t<span class=\"elementor-divider-separator\">\n\t\t\t\t\t\t<\/span>\n\t\t<\/div>\n\t\t\t\t<\/div>\n\t\t\t\t<\/div>\n\t\t\t\t<div class=\"elementor-element elementor-element-d38c6bd elementor-widget elementor-widget-spacer\" data-id=\"d38c6bd\" data-element_type=\"widget\" data-widget_type=\"spacer.default\">\n\t\t\t\t<div class=\"elementor-widget-container\">\n\t\t\t\t\t<div class=\"elementor-spacer\">\n\t\t\t<div class=\"elementor-spacer-inner\"><\/div>\n\t\t<\/div>\n\t\t\t\t<\/div>\n\t\t\t\t<\/div>\n\t\t\t\t\t<\/div>\n\t\t<\/div>\n\t\t\t\t\t\t\t<\/div>\n\t\t<\/section>\n\t\t\t\t<section class=\"elementor-section elementor-top-section elementor-element elementor-element-86b9a2c elementor-section-stretched elementor-section-height-min-height elementor-section-boxed elementor-section-height-default elementor-section-items-middle\" data-id=\"86b9a2c\" data-element_type=\"section\" data-settings=\"{&quot;stretch_section&quot;:&quot;section-stretched&quot;,&quot;background_background&quot;:&quot;classic&quot;}\">\n\t\t\t\t\t\t<div class=\"elementor-container elementor-column-gap-default\">\n\t\t\t\t\t<div class=\"elementor-column elementor-col-100 elementor-top-column elementor-element elementor-element-b27e71a\" data-id=\"b27e71a\" data-element_type=\"column\">\n\t\t\t<div class=\"elementor-widget-wrap elementor-element-populated\">\n\t\t\t\t\t\t\t\t<div class=\"elementor-element elementor-element-7cf1694 elementor-align-center elementor-widget elementor-widget-button\" data-id=\"7cf1694\" data-element_type=\"widget\" data-widget_type=\"button.default\">\n\t\t\t\t<div class=\"elementor-widget-container\">\n\t\t\t\t\t<div class=\"elementor-button-wrapper\">\n\t\t\t<a class=\"elementor-button elementor-button-link elementor-size-md elementor-animation-pop\" href=\"https:\/\/new.farmorgretas.se\/?page_id=32\">\n\t\t\t\t\t\t<span class=\"elementor-button-content-wrapper\">\n\t\t\t\t\t\t<span class=\"elementor-button-text\">Kontakt<\/span>\n\t\t<\/span>\n\t\t\t\t\t<\/a>\n\t\t<\/div>\n\t\t\t\t<\/div>\n\t\t\t\t<\/div>\n\t\t\t\t\t<\/div>\n\t\t<\/div>\n\t\t\t\t\t\t\t<\/div>\n\t\t<\/section>\n\t\t\t\t\t\t\t<\/div>\n\t\t","protected":false},"excerpt":{"rendered":"<p>SORTIMENT Br\u00f6d &#038; Kaffebr\u00f6d Surdegsbr\u00f6d, tekakor, dr\u00e4ngalimpan, kanelbulle, farmorbulle, kladdkaka och morotskaka \u00e4r bara en del av det som bakas p\u00e5 Farmor Gretas Bageri och Konditori. L\u00e4s mer T\u00e5rtor &#038; Bakelser Vi har ett varierat utbud av t\u00e5rtor i m\u00e5nga olika utf\u00f6randen och efter kundens \u00f6nskem\u00e5l. Klassiker som Prinsesst\u00e5rtor och Budapestl\u00e4ngd. \u00c4ven Br\u00f6llopst\u00e5rtor, Dopt\u00e5rtor, Studentt\u00e5rtor &hellip;<\/p>\n<p class=\"read-more\"> <a class=\"\" href=\"https:\/\/www.farmorgretas.se\/?page_id=21\"> <span class=\"screen-reader-text\">Sortiment<\/span> L\u00e4s mer &raquo;<\/a><\/p>\n","protected":false},"author":1,"featured_media":0,"parent":0,"menu_order":0,"comment_status":"closed","ping_status":"closed","template":"elementor_header_footer","meta":{"site-sidebar-layout":"no-sidebar","site-content-layout":"page-builder","ast-main-header-display":"","ast-hfb-above-header-display":"","ast-hfb-below-header-display":"","ast-hfb-mobile-header-display":"","site-post-title":"disabled","ast-breadcrumbs-content":"","ast-featured-img":"disabled","footer-sml-layout":"","theme-transparent-header-meta":"default","adv-header-id-meta":"","stick-header-meta":"","header-above-stick-meta":"","header-main-stick-meta":"","header-below-stick-meta":""},"_links":{"self":[{"href":"https:\/\/www.farmorgretas.se\/index.php?rest_route=\/wp\/v2\/pages\/21"}],"collection":[{"href":"https:\/\/www.farmorgretas.se\/index.php?rest_route=\/wp\/v2\/pages"}],"about":[{"href":"https:\/\/www.farmorgretas.se\/index.php?rest_route=\/wp\/v2\/types\/page"}],"author":[{"embeddable":true,"href":"https:\/\/www.farmorgretas.se\/index.php?rest_route=\/wp\/v2\/users\/1"}],"replies":[{"embeddable":true,"href":"https:\/\/www.farmorgretas.se\/index.php?rest_route=%2Fwp%2Fv2%2Fcomments&post=21"}],"version-history":[{"count":40,"href":"https:\/\/www.farmorgretas.se\/index.php?rest_route=\/wp\/v2\/pages\/21\/revisions"}],"predecessor-version":[{"id":472,"href":"https:\/\/www.farmorgretas.se\/index.php?rest_route=\/wp\/v2\/pages\/21\/revisions\/472"}],"wp:attachment":[{"href":"https:\/\/www.farmorgretas.se\/index.php?rest_route=%2Fwp%2Fv2%2Fmedia&parent=21"}],"curies":[{"name":"wp","href":"https:\/\/api.w.org\/{rel}","templated":true}]}}